What is the remainder when 3619747 is divided by 375?
247
What is the remainder when 2791027 is divided by 18986?
85
Calculate the remainder when 17996310 is divided by 9802.
9640
What is the remainder when 7698605 is divided by 19?
14
What is the remainder when 14638 is divided by 3515?
578
Calculate the remainder when 78959 is divided by 652.
67
What is the remainder when 236025 is divided by 58989?
69
What is the remainder when 20977183 is divided by 635672?
7
Calculate the remainder when 73738194 is divided by 29.
10
What is the remainder when 16680696 is divided by 447?
444
What is the remainder when 453911 is divided by 50?
11
Calculate the remainder when 4459169 is divided by 794.
65
What is the remainder when 55872 is divided by 6190?
162
What is the remainder when 14558 is divided by 967?
53
What is the remainder when 153288 is divided by 3559?
251
What is the remainder when 205079998 is divided by 20?
18
Calculate the remainder when 13360564 is divided by 160970.
54
What is the remainder when 104756642 is divided by 17459433?
44
What is the remainder when 95226672 is divided by 188?
160
What is the remainder when 909533 is divided by 17491?
1
What is the remainder when 50804 is divided by 46322?
4482
What is the remainder when 14286772 is divided by 136?
108
What is the remainder when 520108 is divided by 365?
348
What is the remainder when 1034498 is divided by 315?
38
Calculate the remainder when 397037 is divided by 1139.
665
What is the remainder when 76607 is divided by 4153?
1853
What is the remainder when 65006 is divided by 6432?
686
Calculate the remainder when 18081102 is divided by 20293.
39
What is the remainder when 47856534 is divided by 637?
635
What is the remainder when 41457237 is divided by 57?
54
What is the remainder when 213699 is divided by 13082?
4387
What is the remainder when 51554679 is divided by 16131?
3
Calculate the remainder when 25860 is divided by 4198.
672
Calculate the remainder when 17850 is divided by 5895.
165
Calculate the remainder when 584393 is divided by 145776.
1289
What is the remainder when 90251 is divided by 2965?
1301
What is the remainder when 21435956 is divided by 1150?
1106
What is the remainder when 3274305 is divided by 1976?
73
Calculate the remainder when 1136342 is divided by 74.
72
What is the remainder when 103128 is divided by 9308?
740
What is the remainder when 312568 is divided by 26044?
40
Calculate the remainder when 8199 is divided by 1341.
153
What is the remainder when 43675053 is divided by 14558350?
3
What is the remainder when 380186 is divided by 3141?
125
Calculate the remainder when 508953470 is divided by 128.
126
What is the remainder when 3216072 is divided by 803961?
228
Calculate the remainder when 88521 is divided by 88503.
18
What is the remainder when 2980 is divided by 2554?
426
What is the remainder when 2541603 is divided by 4833?
4278
Calculate the remainder when 3502365 is divided by 92161.
247
What is the remainder when 7358343 is divided by 11373?
12
What is the remainder when 297486 is divided by 297318?
168
What is the remainder when 100007 is divided by 12493?
63
What is the remainder when 160090 is divided by 1380?
10
What is the remainder when 1087388 is divided by 396?
368
Calculate the remainder when 142335 is divided by 142289.
46
What is the remainder when 3497131 is divided by 1748560?
11
What is the remainder when 20384054 is divided by 689?
678
Calculate the remainder when 179435 is divided by 350.
235
Calculate the remainder when 295997 is divided by 6727.
9
What is the remainder when 260688 is divided by 9293?
484
What is the remainder when 1904859 is divided by 48?
27
Calculate the remainder when 43257 is divided by 10414.
1601
What is the remainder when 4651768 is divided by 51686?
28
Calculate the remainder when 1170294 is divided by 990.
114
What is the remainder when 23992512 is divided by 411?
387
What is the remainder when 7633650 is divided by 6997?
6920
Calculate the remainder when 142125 is divided by 985.
285
Calculate the remainder when 389950 is divided by 77918.
360
What is the remainder when 138434 is divided by 46024?
362
Calculate the remainder when 46958 is divided by 46796.
162
What is the remainder when 154451 is divided by 4169?
198
Calculate the remainder when 20838609 is divided by 235.
219
Calculate the remainder when 164657 is divided by 1604.
1049
Calculate the remainder when 5940763 is divided by 42434.
3
Calculate the remainder when 263433944 is divided by 313.
311
Calculate the remainder when 2293550 is divided by 604.
162
What is the remainder when 5984 is divided by 592?
64
Calculate the remainder when 127904717 is divided by 1721.
1718
What is the remainder when 4409710 is divided by 1026?
988
Calculate the remainder when 19415308 is divided by 2433.
2401
What is the remainder when 213438 is divided by 837?
3
What is the remainder when 2750629 is divided by 41?
21
What is the remainder when 101431334 is divided by 4156?
4154
What is the remainder when 712246 is divided by 5?
1
What is the remainder when 1132271 is divided by 762?
701
What is the remainder when 11486993 is divided by 292?
5
Calculate the remainder when 7086575 is divided by 112.
111
Calculate the remainder when 2550704 is divided by 46375.
79
What is the remainder when 137877 is divided by 136815?
1062
What is the remainder when 989869 is divided by 1672?
45
What is the remainder when 1226201 is divided by 2204?
777
What is the remainder when 13537310 is divided by 16?
14
Calculate the remainder when 1505316 is divided by 620.
576
Calculate the remainder when 42696238 is divided by 966.
4
Calculate the remainder when 26944092 is divided by 7860.
12
Calculate the remainder when 1842382 is divided by 1609.
77
What is the remainder when 734524781 is divided by 1816?
1813
Calculate the remainder when 4427674 is divided by 4.
2
What is the remainder when 265795 is divided by 143?
101
Calculate the remainder when 84229794 is divided by 37.
34
Calculate the remainder when 1431132 is divided by 29206.
38
Calculate the remainder when 34854300 is divided by 195.
0
Calculate the remainder when 2871640 is divided by 69.
67
What is the remainder when 40879 is divided by 5724?
811
Calculate the remainder when 67973 is divided by 409.
79
Calculate the remainder when 1526772 is divided by 109.
9
Calculate the remainder when 1685011 is divided by 666.
31
What is the remainder when 1715674 is divided by 198?
4
What is the remainder when 15771758 is divided by 497?
457
What is the remainder when 6910998 is divided by 95986?
6
Calculate the remainder when 339215 is divided by 30833.
52
Calculate the remainder when 61825455 is divided by 1474.
1473
What is the remainder when 1860447 is divided by 376?
375
Calculate the remainder when 248391 is divided by 259.
10
Calculate the remainder when 3604867 is divided by 62.
1
What is the remainder when 33567 is divided by 11184?
15
What is the remainder when 37051454 is divided by 9262863?
2
What is the remainder when 962997 is divided by 742?
623
What is the remainder when 128474 is divided by 224?
122
Calculate the remainder when 181403 is divided by 1279.
1064
What is the remainder when 2241539 is divided by 2241526?
13
What is the remainder when 1426577 is divided by 11987?
124
Calculate the remainder when 1841341 is divided by 3844.
65
Calculate the remainder when 351851 is divided by 376.
291
Calculate the remainder when 2247327 is divided by 749109.
0
Calculate the remainder when 129304 is divided by 9946.
6
Calculate the remainder when 23155298 is divided by 13.
10
What is the remainder when 13194370 is divided by 24299?
13
What is the remainder when 155639091 is divided by 8339?
8334
What is the remainder when 59922 is divided by 1158?
864
What is the remainder when 868126 is divided by 1113?
1099
Calculate the remainder when 576455 is divided by 3718.
165
Calculate the remainder when 129586 is divided by 207.
4
What is the remainder when 678353 is divided by 1569?
545
What is the remainder when 2451192 is divided by 220?
172
What is the remainder when 23648136 is divided by 28?
8
Calculate the remainder when 87373533 is divided by 6240965.
23
Calculate the remainder when 6433803 is divided by 131.